{"id":12,"date":"2021-04-21T21:17:39","date_gmt":"2021-04-21T19:17:39","guid":{"rendered":"http:\/\/b311n-b313.de\/?page_id=12"},"modified":"2022-10-07T17:48:35","modified_gmt":"2022-10-07T15:48:35","slug":"dialog","status":"publish","type":"page","link":"https:\/\/b311n-b313.de\/?page_id=12","title":{"rendered":"Dialog"},"content":{"rendered":"\t\t<div data-elementor-type=\"wp-page\" data-elementor-id=\"12\" class=\"elementor elementor-12\" data-elementor-post-type=\"page\">\n\t\t\t\t\t\t<section class=\"elementor-section elementor-top-section elementor-element elementor-element-5457866 elementor-section-items-stretch elementor-section-full_width elementor-section-height-min-height elementor-reverse-mobile elementor-section-height-default\" data-id=\"5457866\" data-element_type=\"section\">\n\t\t\t\t\t\t<div class=\"elementor-container elementor-column-gap-default\">\n\t\t\t\t\t<div class=\"elementor-column elementor-col-33 elementor-top-column elementor-element elementor-element-3dc1c7ed\" data-id=\"3dc1c7ed\" data-element_type=\"column\" data-settings=\"{&quot;background_background&quot;:&quot;classic&quot;}\">\n\t\t\t<div class=\"elementor-widget-wrap\">\n\t\t\t\t\t\t\t<\/div>\n\t\t<\/div>\n\t\t\t\t<div class=\"elementor-column elementor-col-33 elementor-top-column elementor-element elementor-element-70187fa3\" data-id=\"70187fa3\" data-element_type=\"column\" data-settings=\"{&quot;background_background&quot;:&quot;classic&quot;}\">\n\t\t\t<div class=\"elementor-widget-wrap elementor-element-populated\">\n\t\t\t\t\t\t<div class=\"elementor-element elementor-element-7a4d68a6 elementor-widget elementor-widget-heading\" data-id=\"7a4d68a6\" data-element_type=\"widget\" data-widget_type=\"heading.default\">\n\t\t\t\t<div class=\"elementor-widget-container\">\n\t\t\t<h1 class=\"elementor-heading-title elementor-size-default\">Dialog<\/h1>\t\t<\/div>\n\t\t\t\t<\/div>\n\t\t\t\t<div class=\"elementor-element elementor-element-43ebeb6c elementor-widget elementor-widget-heading\" data-id=\"43ebeb6c\" data-element_type=\"widget\" data-widget_type=\"heading.default\">\n\t\t\t\t<div class=\"elementor-widget-container\">\n\t\t\t<h3 class=\"elementor-heading-title elementor-size-default\">ein Landkreis geht voran<\/h3>\t\t<\/div>\n\t\t\t\t<\/div>\n\t\t\t\t<div class=\"elementor-element elementor-element-4c97132 elementor-align-left elementor-tablet-align-left elementor-widget elementor-widget-button\" data-id=\"4c97132\" data-element_type=\"widget\" data-widget_type=\"button.default\">\n\t\t\t\t<div class=\"elementor-widget-container\">\n\t\t\t\t\t<div class=\"elementor-button-wrapper\">\n\t\t\t<a class=\"elementor-button elementor-button-link elementor-size-sm\" href=\"https:\/\/b311n-b313.de\/?page_id=319\">\n\t\t\t\t\t\t<span class=\"elementor-button-content-wrapper\">\n\t\t\t\t\t\t<span class=\"elementor-button-icon elementor-align-icon-right\">\n\t\t\t\t<i aria-hidden=\"true\" class=\"fas fa-caret-right\"><\/i>\t\t\t<\/span>\n\t\t\t\t\t\t<span class=\"elementor-button-text\">Beratender Begleitkreis<\/span>\n\t\t<\/span>\n\t\t\t\t\t<\/a>\n\t\t<\/div>\n\t\t\t\t<\/div>\n\t\t\t\t<\/div>\n\t\t\t\t<div class=\"elementor-element elementor-element-40a5e7e elementor-align-left elementor-tablet-align-left elementor-widget elementor-widget-button\" data-id=\"40a5e7e\" data-element_type=\"widget\" data-widget_type=\"button.default\">\n\t\t\t\t<div class=\"elementor-widget-container\">\n\t\t\t\t\t<div class=\"elementor-button-wrapper\">\n\t\t\t<a class=\"elementor-button elementor-button-link elementor-size-sm\" href=\"https:\/\/b311n-b313.de\/?page_id=326\">\n\t\t\t\t\t\t<span class=\"elementor-button-content-wrapper\">\n\t\t\t\t\t\t<span class=\"elementor-button-icon elementor-align-icon-right\">\n\t\t\t\t<i aria-hidden=\"true\" class=\"fas fa-caret-right\"><\/i>\t\t\t<\/span>\n\t\t\t\t\t\t<span class=\"elementor-button-text\">Facharbeitskreise<\/span>\n\t\t<\/span>\n\t\t\t\t\t<\/a>\n\t\t<\/div>\n\t\t\t\t<\/div>\n\t\t\t\t<\/div>\n\t\t\t\t\t<\/div>\n\t\t<\/div>\n\t\t\t\t<div class=\"elementor-column elementor-col-33 elementor-top-column elementor-element elementor-element-50854ea6\" data-id=\"50854ea6\" data-element_type=\"column\" data-settings=\"{&quot;background_background&quot;:&quot;classic&quot;,&quot;background_motion_fx_motion_fx_scrolling&quot;:&quot;yes&quot;,&quot;background_motion_fx_translateY_effect&quot;:&quot;yes&quot;,&quot;background_motion_fx_translateY_direction&quot;:&quot;negative&quot;,&quot;background_motion_fx_translateY_speed&quot;:{&quot;unit&quot;:&quot;px&quot;,&quot;size&quot;:&quot;3&quot;,&quot;sizes&quot;:[]},&quot;background_motion_fx_translateY_affectedRange&quot;:{&quot;unit&quot;:&quot;%&quot;,&quot;size&quot;:&quot;&quot;,&quot;sizes&quot;:{&quot;start&quot;:0,&quot;end&quot;:100}},&quot;background_motion_fx_devices&quot;:[&quot;desktop&quot;,&quot;tablet&quot;,&quot;mobile&quot;]}\">\n\t\t\t<div class=\"elementor-widget-wrap elementor-element-populated\">\n\t\t\t\t\t\t<div class=\"elementor-element elementor-element-183eb638 elementor-widget elementor-widget-spacer\" data-id=\"183eb638\" data-element_type=\"widget\" data-widget_type=\"spacer.default\">\n\t\t\t\t<div class=\"elementor-widget-container\">\n\t\t\t\t\t<div class=\"elementor-spacer\">\n\t\t\t<div class=\"elementor-spacer-inner\"><\/div>\n\t\t<\/div>\n\t\t\t\t<\/div>\n\t\t\t\t<\/div>\n\t\t\t\t\t<\/div>\n\t\t<\/div>\n\t\t\t\t\t<\/div>\n\t\t<\/section>\n\t\t\t\t<section class=\"elementor-section elementor-top-section elementor-element elementor-element-be95c65 elementor-section-boxed elementor-section-height-default elementor-section-height-default\" data-id=\"be95c65\" data-element_type=\"section\">\n\t\t\t\t\t\t<div class=\"elementor-container elementor-column-gap-default\">\n\t\t\t\t\t<div class=\"elementor-column elementor-col-100 elementor-top-column elementor-element elementor-element-3875045\" data-id=\"3875045\" data-element_type=\"column\">\n\t\t\t<div class=\"elementor-widget-wrap elementor-element-populated\">\n\t\t\t\t\t\t<div class=\"elementor-element elementor-element-b55b347 elementor-widget elementor-widget-text-editor\" data-id=\"b55b347\" data-element_type=\"widget\" data-widget_type=\"text-editor.default\">\n\t\t\t\t<div class=\"elementor-widget-container\">\n\t\t\t\t\t\t\t<p>Der Landkreis Sigmaringen hat vom Land die Aufgabe \u00fcbernommen, die Planung zu einer neuen Verbindung zwischen Mengen und Me\u00dfkirch bis zum formalen Genehmigungsverfahren zu erarbeiten. Zur Erstellung dieser Planung wird die Region im Rahmen eines Dialogs einbezogen.<\/p><ul><li>Die Akteure und B\u00fcrger*innen k\u00f6nnen mitreden, aber nicht entscheiden.<\/li><li>Die Entscheidung, mit den Planungen zu beginnen, ist durch den auf dem Bundesverkehrswegeplan (BVWP) aufsetzenden und vom Bundestag beschlossenen Bedarfsplan 2016 getroffen worden.<\/li><li>Wo eine neue Stra\u00dfe gebaut werden soll, ist \u2013 in Grenzen \u2013 offen.<\/li><li>Im Pr\u00fcfraum wird ergebnisoffen nach einer Variante gesucht, mit der eine rechtskr\u00e4ftige Genehmigung erreicht werden kann.<\/li><\/ul>\t\t\t\t\t\t<\/div>\n\t\t\t\t<\/div>\n\t\t\t\t<div class=\"elementor-element elementor-element-7210eb3 elementor-widget elementor-widget-text-editor\" data-id=\"7210eb3\" data-element_type=\"widget\" data-widget_type=\"text-editor.default\">\n\t\t\t\t<div class=\"elementor-widget-container\">\n\t\t\t\t\t\t\t<p>Hier kann die Region mitreden, indem sie die Erstellung der Planung konstruktiv begleitet und Entscheidungsschritte nachvollziehen kann.<\/p>\t\t\t\t\t\t<\/div>\n\t\t\t\t<\/div>\n\t\t\t\t<div class=\"elementor-element elementor-element-146a8c3 elementor-widget elementor-widget-image\" data-id=\"146a8c3\" data-element_type=\"widget\" data-widget_type=\"image.default\">\n\t\t\t\t<div class=\"elementor-widget-container\">\n\t\t\t\t\t\t\t\t\t\t\t\t\t<img fetchpriority=\"high\" decoding=\"async\" width=\"800\" height=\"450\" src=\"https:\/\/b311n-b313.de\/wp-content\/uploads\/2021\/07\/TCE_B311n_Karten_Nordtrassen_210630-1024x576.png\" class=\"attachment-large size-large wp-image-788\" alt=\"\" srcset=\"https:\/\/b311n-b313.de\/wp-content\/uploads\/2021\/07\/TCE_B311n_Karten_Nordtrassen_210630-1024x576.png 1024w, https:\/\/b311n-b313.de\/wp-content\/uploads\/2021\/07\/TCE_B311n_Karten_Nordtrassen_210630-300x169.png 300w, https:\/\/b311n-b313.de\/wp-content\/uploads\/2021\/07\/TCE_B311n_Karten_Nordtrassen_210630-768x432.png 768w, https:\/\/b311n-b313.de\/wp-content\/uploads\/2021\/07\/TCE_B311n_Karten_Nordtrassen_210630-1536x864.png 1536w, https:\/\/b311n-b313.de\/wp-content\/uploads\/2021\/07\/TCE_B311n_Karten_Nordtrassen_210630-2048x1152.png 2048w\" sizes=\"(max-width: 800px) 100vw, 800px\" \/>\t\t\t\t\t\t\t\t\t\t\t\t\t<\/div>\n\t\t\t\t<\/div>\n\t\t\t\t<div class=\"elementor-element elementor-element-99c17bf elementor-widget elementor-widget-text-editor\" data-id=\"99c17bf\" data-element_type=\"widget\" data-widget_type=\"text-editor.default\">\n\t\t\t\t<div class=\"elementor-widget-container\">\n\t\t\t\t\t\t\t<p>Der Landkreis Sigmaringen bietet dazu folgende Gremien an, die durch Angebote an die \u00d6ffentlichkeit erg\u00e4nzt werden:<\/p><ul><li><a href=\"https:\/\/b311n-b313.de\/?page_id=319\">Beratender Begleitkreis<\/a><\/li><li><a href=\"https:\/\/b311n-b313.de\/?page_id=326\">Facharbeitskreise zu den Themen Verkehr und Umwelt<\/a><\/li><\/ul>\t\t\t\t\t\t<\/div>\n\t\t\t\t<\/div>\n\t\t\t\t<div class=\"elementor-element elementor-element-7c7536a elementor-widget elementor-widget-text-editor\" data-id=\"7c7536a\" data-element_type=\"widget\" data-widget_type=\"text-editor.default\">\n\t\t\t\t<div class=\"elementor-widget-container\">\n\t\t\t\t\t\t\t<p>\u00dcber die Planung und wichtige Entscheidungsschritte wird kontinuierlich \u00fcber die Internetseite, der Presse und im Rahmen von \u00f6ffentlichen Veranstaltungen informiert.<\/p>\t\t\t\t\t\t<\/div>\n\t\t\t\t<\/div>\n\t\t\t\t\t<\/div>\n\t\t<\/div>\n\t\t\t\t\t<\/div>\n\t\t<\/section>\n\t\t\t\t<\/div>\n\t\t","protected":false},"excerpt":{"rendered":"<p>Dialog ein Landkreis geht voran Beratender Begleitkreis Facharbeitskreise Der Landkreis Sigmaringen hat vom Land die Aufgabe \u00fcbernommen, die Planung zu einer neuen Verbindung zwischen Mengen und Me\u00dfkirch bis zum formalen Genehmigungsverfahren zu erarbeiten. Zur Erstellung dieser Planung wird die Region im Rahmen eines Dialogs einbezogen. Die Akteure und B\u00fcrger*innen k\u00f6nnen mitreden, aber nicht entscheiden. Die [&hellip;]<\/p>\n","protected":false},"author":1,"featured_media":0,"parent":0,"menu_order":0,"comment_status":"closed","ping_status":"closed","template":"elementor_header_footer","meta":{"_acf_changed":false,"_searchwp_excluded":"","footnotes":""},"categories":[27,28],"tags":[],"class_list":["post-12","page","type-page","status-publish","hentry","category-facharbeitskreis-umwelt","category-facharbeitskreis-verkehr"],"acf":[],"_links":{"self":[{"href":"https:\/\/b311n-b313.de\/index.php?rest_route=\/wp\/v2\/pages\/12","targetHints":{"allow":["GET"]}}],"collection":[{"href":"https:\/\/b311n-b313.de\/index.php?rest_route=\/wp\/v2\/pages"}],"about":[{"href":"https:\/\/b311n-b313.de\/index.php?rest_route=\/wp\/v2\/types\/page"}],"author":[{"embeddable":true,"href":"https:\/\/b311n-b313.de\/index.php?rest_route=\/wp\/v2\/users\/1"}],"replies":[{"embeddable":true,"href":"https:\/\/b311n-b313.de\/index.php?rest_route=%2Fwp%2Fv2%2Fcomments&post=12"}],"version-history":[{"count":94,"href":"https:\/\/b311n-b313.de\/index.php?rest_route=\/wp\/v2\/pages\/12\/revisions"}],"predecessor-version":[{"id":1436,"href":"https:\/\/b311n-b313.de\/index.php?rest_route=\/wp\/v2\/pages\/12\/revisions\/1436"}],"wp:attachment":[{"href":"https:\/\/b311n-b313.de\/index.php?rest_route=%2Fwp%2Fv2%2Fmedia&parent=12"}],"wp:term":[{"taxonomy":"category","embeddable":true,"href":"https:\/\/b311n-b313.de\/index.php?rest_route=%2Fwp%2Fv2%2Fcategories&post=12"},{"taxonomy":"post_tag","embeddable":true,"href":"https:\/\/b311n-b313.de\/index.php?rest_route=%2Fwp%2Fv2%2Ftags&post=12"}],"curies":[{"name":"wp","href":"https:\/\/api.w.org\/{rel}","templated":true}]}}